+ -90
-69
Calculate 61 + -15 + 69 + 2.
117
-1 + (4 + -1 - (-7 - -12)) + (754 - 644)
107
44 - 6 - (-14 + 65)
-13
What is -14 + 137 + -198 + 196?
121
Calculate 1434 + -1423 - (34 - 1 - (1 - 4)).
-25
What is -51 - (((0 - 11) + 10 - -3) + 12)?
-65
Calculate 0 + 60 - (81 - 121).
100
132 + (27 - (-88 - -204))
43
Evaluate (100 + -4 - 10) + -6 + -9 + 1 + 2.
74
What is the value of 4 + (35 - (-1 - -3) - (-1846 + 1851))?
32
Evaluate 15 + -26 + (-4 - (11 + -16 + 6)).
-16
What is the value of (-6 - -47) + (-92 - -74 - (9 + -10))?
24
Calculate (1 - -10) + (-25 - (-34 - -6) - (-3 + -33)).
50
What is the value of -12 - (-160 + 166 + (2 - 7))?
-13
Calculate (-15 - -3) + 32 + -38 + 4 + -1.
-15
-23 + (-2 + 4 - -16) + 36 - 1
30
What is -75 + 208 + 61 + -174?
20
5 + (2 - 8 - (-4 + 9)) + -25 - -5
-26
Calculate 14 + 5 + 7 + -7 + (-10 - -13).
22
82 - (324 + (-149 - -27))
-120
What is the value of (-54 - (-37 - (-4 - 8))) + 20?
-9
Calculate (36 - 42) + 60 - 95.
-41
Evaluate 14 + (-85 + -39 + 0 + -2 - -9) - 5.
-108
Evaluate -4 - -18 - 0 - (23 + -1) - 25.
-33
What is 5323 + -5517 - (-84 + -1)?
-109
Calculate (-52 + 49 - (4 - 1)) + (-35 - 30).
-71
What is 12 - (-20 + 45 + 12 - (1 - 10))?
-34
(-13 + (4 - -21) - 27) + 30
15
-1 + (-3 - -50) - 26
20
(10 - -1) + (138 - 144) - 1 - (2 - -34)
-32
Evaluate (-7 - 10) + 102 + -31 + 37.
91
-79 + 82 - (-10 - 28 - -8)
33
What is the value of 1 + 77 - (2534 - 2509)?
53
-25 - (34 - 53 - -57)
-63
What is (-24 - (-3 - 3)) + (-32 - -24)?
-26
What is the value of -44 - 2 - ((-95 - -92) + (-5 - -8) + -1)?
-45
What is (-107 - -102 - 75) + 28?
-52
What is the value of (-20 - ((-35 - (-20 - -17)) + 13)) + 23?
22
What is the value of (7 - (-7 + 2)) + -449 + 436?
-1
(3 + 28 - -12) + -35 - (-17 + 2)
23
What is (9 - -29) + -1 + (516 - 505)?
48
Evaluate 2 + (-2 - (-7 + -2) - (-25 + 7)).
27
Evaluate -113 + (4 - (-40 - -33) - -22).
-80
What is 0 + -39 - (-195 - -200)?
-44
Evaluate -2 - (-1 + (2 - -6)) - (-18 + 6).
3
What is (-11 - (-11 + -3)) + 8 - -16?
27
What is the value of 92 + 35 + -107 + -11 + (0 - -3)?
12
Calculate 9 + -296 - -291 - (9 + (-2 - -2)).
-5
32 + (-113 - -69) + (2 - -2 - 16)
-24
Evaluate (-3676 - -3625) + (66 - 0).
15
Calculate -24 + 37 - 34 - 15.
-36
What is (62 - (20 + -6)) + -25?
23
What is the value of -3 + (6 + -6 + (12 - 10) - (1 - 78))?
76
Evaluate -317 - -292 - (-2 - 16) - (-41 + 2 - -2).
30
What is the value of 183 - (87 + -112 + 103)?
105
Evaluate -12 + 3 + (7 - 3) + (11 - 4) - -12.
14
Calculate 2 + (-11 - -9) + -8 - (1 + -76).
67
-19 - (-67 + (-31 - (11 + 3 + -34)))
59
27 + (-61 - 65 - -45)
-54
What is the value of 18 + (15 - -1) + 2 + 2 + -6 + -2?
30
What is -21 - (-39 + 29 + 29)?
-40
What is (25 + (-31 - 0) - (1 - 0)) + -24?
-31
Calculate -1 - 50 - (27 - (25 - 16 - -1) - 22).
-46
What is the value of -14 + (13 + -45 + 11 - -11) + -2?
-26
What is -17 - (-2 - -3) - (2197 + -2210)?
-5
Evaluate (-11 + 9 + -2 - 48) + -17 - -14.
-55
What is the value of 18 - (-8 + (90 - -3))?
-67
Evaluate -1 + -68 - ((12 - -14) + -6 + -73 + 67).
-83
51 - 5 - (45 - (40 - -5))
46
Evaluate -15 - (-6 - (5 - (-6 - 10))) - (2 + -42).
52
What is -1 + 33 - (-314 + 332) - 96?
-82
-10 - (-4 + (-16 + -8 + 16 - -9) - 88)
81
What is -12 + (-11 - (9 - 15 - 3 - -3))?
-17
What is the value of 5 + 18 + -11 + 17 + 1 + 0?
30
What is the value of 0 - (-6 + 1) - ((-44 - -53) + -17)?
13
What is the value of -65 - (21 - 70) - (-6 - 0 - 0)?
-10
Evaluate (-175 - -131 - -29) + (-1 - (-44 - 1)).
29
What is the value of -44 + 81 + 92 + -89?
40
Calculate 4 + -7 + 10 + (-521 - -504).
-10
What is -11 + -8 + (15 - (-28 + 43)) + -50?
-69
Evaluate 7 - (44 + (-26 - 59) - (1 - -3)).
52
What is the value of -100 - ((-12 + -2 - -32 - 7) + -12 - 10)?
-89
Evaluate (4 - -4) + (9 - (27 - (15 - -4))).
9
-69 + -48 + 128 - (17 - (2 + -4 + 1))
-7
2 + -85 - (47 - 44) - (-39 + 31) - -4
-74
Evaluate (15 + -6 - -3) + 40 + (-21 - (-11 + -4)).
46
Evaluate (60 - 82) + 82 + -1.
59
What is 45065 - 45072 - (-2 + (-21 - 1) + (2 - 4))?
19
Calculate (-16 - 10) + -11 + -3 + -18 + -9 + 31.
-36
-144 - (-57 - (117 + -118))
-88
Evaluate (-46 - (-1 + -142)) + -42.
55
Evaluate (-80 - -30) + 32 + 78.
60
62 - (-22 - (-15 - (-24 + 58)))
35
Evaluate (3 - (12 + (-2 - -3))) + -87 + 107.
10
What is the value of (26 - (4 + -13)) + -15 + 42?
62
What is (-69 - 49) + 83 - -96?
61
What is the value of 19 + (8 + -5 + 1 - 12)?
11
Evaluate -3 + (-6 - 21) - (-59 + 31 - -17).
-19
What is (-15 - -98 - -111) + -88?
106
Evaluate (547 - 556) + (-36 + 0 - (-7 + 7)) + 0.
-45
Evaluate 14 - (15 - -1) - 41.
-43
Evaluate 7 - (-64 + (40 + -17 - 0)).
48
What is the value of (26 - (-6 - -53)) + 4?
-17
(12 - 26 - (-12 - -13)) + (8 - 0 - -4)
-3
Calculate 1 + 25 - (-113 - (105 + -161)).
83
What is the value of (37 - -20) + -43 + -52 + 11?
-27
What is ((-6 - 8) + 52 - (6 - 0)) + 10?
42
What is -80 - -1 - (716 - 796)?
1
What is (75 + -98 - ((0 - 0) + 0)) + (5 - -4)?
-14
Evaluate -149 + (-73 - -52) + (50 - 5).
-125
What is 687 + -694 - (0 - -41 - -3)?
-51
Evaluate 18 + 4 + -131 + 58.
-51
What is ((-23 - -25) + -14 + 0 - (117 + -123)) + 14?
8
What is -358 + 144 + -45 - -150?
-109
Calculate (-135 - -134) + 53 - -4.
56
Calculate 60 - 112 - (3 - 0) - (20 - 31).
-44
Calculate -61 + (-6 - 16) + 28 + 4.
-51
What is 14 - (74 - 15 - 63)?
18
What is (1 - 76) + (-6109 - -6170)?
-14
Evaluate (56 - (10 + -1) - (3 + 7 + -12)) + -8.
41
(-25 - -4) + 9 - (-32 + 41) - -90
69
Calculate (771 - 752) + (1 + 39 - (-15 - -16)).
58
-1447 + 1515 - (0 + 67)
1
What is the value of 8 + 77 + -33 + -3 + -18?
31
What is the value of 54 - ((54 - -2) + -5)?
3
What is (-14 + -2 - (7 - (57 + -24))) + (2 - 4)?
8
Calculate 705 - 173 - 616 - (-8 + (-1 - -1)).
-76
What is -1 + -56 + -653 + 689 - (91 - 0)?
-112
What is -56 - ((-19 - 36) + -57)?
56
What is the value of 18 - (12 - ((-5 - -12 - 2) + 11))?
22
Evaluate -3 + -39 + 734 + -730.
-38
What is -3726 + 3730 - (1 + (28 - 1))?
-24
What is -41 - -29 - (-620 + 618 - (3 - 0 - 1))?
-8
Evaluate 4 - 5 - -114 - (-486 + 509).
90
What is the value of 7 + 3 - (-6 + 7 + -13 - -24) - 21?
-23
What is the value of 42 + -9 + 7 + -4 + 5 + -26 + 25?
40
Evaluate (1 - (0 + 19)) + (-15245 - -15295).
32
Calculate (-54 - (-6 - -26 - 6)) + (-9 - 7 - 0).
-84
Calculate -24 - (-2 + -22) - 15.
-15
46 + (4 + -16 - (-2 - 7)) + 10 - -3
56
Calculate 1276 - 1289 - ((-16 - 103) + 1 + -4).
109
What is the value of 3 + -1 + (9 + -10 - 26) + 73?
48
11 - (5 - (-134 + 93 - (8 + 0)))
-43
What is -3 + -6 - (814 - 777)?
-46
Calculate -44 + (29 - (13 + -1 + 4)).
-31
What is the value of (5 - -2) + (19 - ((1 - 4) + 37))?
-8
Evaluate -41 - (-1 + (-3 - (-24 - -12)) - (14 - 1)).
-36
What is the value of -388 + 397 + (-9 - (0 - 0)) + -2 + -5?
-7
Evaluate (-119 - -78) + -12 + 77.
24
What is -665 + 693 - (-25 + 0)?
53
Calculate 58 + 17 + -23 + (-2 - -29).
79
What is the value of 19 - (44 + -1 + -59 + 29)?
6
What is ((-4 - -2) + 5 + (-5 - -22) - 9) + -51?
-40
Calculate (1 + 1 + 1 - (-14 - -32)) + -5.
-20
Evaluate (-3 - 5) + -2 + -8 + 12 - -51.
45
Evaluate -12 - (42 + (27 - 39)).
-42
What is the value of -1067 + 1002 + (2 - 1) + 27?
-37
Calculate 10 + 3 + (-15 - 7) + 16 - 85.
-78
What is the value of 37 - -2 - -3 - (71 + -78 + 8)?
41
What is -155 - -158 - ((-2 - (-11 + -4)) + -1)?
-9
What is -24 + 23 + 0 + (-26 - 26)?
-53
What is -81 - (77 + -112) - 41?
-87
What is -25 + 4 + -79 + 94 + 8 + -8?
-6
Evaluate 181 - ((53 - 142) + 174).
96
What is -25 + (80 - (-12 + 25 - -14))?
28
(63 + 59 + -86 - (0 - -18)) + -92
-74
What is the value of -94 + (-7 - (-29 + 17 + (-18 - -1)) - 11)?
-83
Calculate -21 + (-4 - -39) + -18 + 48.
44
Evaluate -14 + 26 + -13 - 35 - (-5 - (-5 - 0)).
-36
What is the value of (-30 - (-24 - -6)) + (-8 - (4 + -4) - -2)?
-18
What is the value of -71 + 39 - 37 - -17?
-52
Evaluate -22 + (-12 + (-3 - -9) - (-2 - -2)).
-28
191 + -12 + -176 + 1 + 0 + -39
-35
What is the value of -2 + 19 + -31 - 17 - (1 + -2)?
-30
-61 + 0 + 27 + 17 + (-13 - 52)
-82
Calculate (-3 - (6 + -3 - -13)) + (1707 - 1714).
-26
-5 + -9 + (1 - 17) + (293 - 327)
-64
What is the value of 39 - -27 - (-4 + -15 + 18 + -5)?
72
9 + ((-4 + 22 - 5) + -9 - -4) + -13
4
Calculate (777 - 777) + (1 - (1 - -15)) - -54.
39
74 - (9 - (5 - 6) - (24 - 27))
61
(-400 - -378) + (-1 - (6 + 28))
-57
Calculate -18 - (-16 